{"id":140,"date":"2018-11-28T19:00:30","date_gmt":"2018-11-28T19:00:30","guid":{"rendered":"https:\/\/mmktpro.com\/ubach\/?page_id=140"},"modified":"2025-03-12T11:34:45","modified_gmt":"2025-03-12T11:34:45","slug":"lents-oftalmiques","status":"publish","type":"page","link":"https:\/\/opticaubach.com\/ca\/productes\/lents-oftalmiques\/","title":{"rendered":"Lents oft\u00e0lmiques"},"content":{"rendered":"<section class=\"wpb-content-wrapper\"><p>[vc_row equal_height=&#8221;yes&#8221; content_placement=&#8221;top&#8221; css=&#8221;.vc_custom_1544180390008{margin-bottom: 85px !important;}&#8221;][vc_column width=&#8221;1\/6&#8243;][\/vc_column][vc_column width=&#8221;2\/3&#8243;][vc_column_text css=&#8221;.vc_custom_1543431903064{margin-top: 30px !important;}&#8221;]<\/p>\n<h3 style=\"text-align: center;\">La bona elecci\u00f3 de la lent \u00e9s b\u00e0sica per proporcionar la millor imatge a m\u00e9s del m\u00e0xim confort visual.<\/h3>\n<p>[\/vc_column_text][vc_separator color=&#8221;custom&#8221; border_width=&#8221;2&#8243; el_width=&#8221;10&#8243; accent_color=&#8221;#162ca4&#8243; css=&#8221;.vc_custom_1543431908013{padding-top: 30px !important;padding-bottom: 20px !important;}&#8221;][\/vc_column][vc_column width=&#8221;1\/6&#8243;][\/vc_column][\/vc_row][vc_row equal_height=&#8221;yes&#8221; content_placement=&#8221;top&#8221; css=&#8221;.vc_custom_1544180366311{margin-bottom: 45px !important;}&#8221;][vc_column width=&#8221;1\/2&#8243;][vc_column_text css=&#8221;.vc_custom_1548841663988{margin-top: 30px !important;}&#8221;]Treballem amb els fabricants de lents oft\u00e0lmiques m\u00e9s prestigiosos del mercat, oferint l\u00b4\u00faltima tecnologia i \u00e9s per aix\u00f2 que estem en continua formaci\u00f3.[\/vc_column_text][vc_separator color=&#8221;custom&#8221; align=&#8221;align_left&#8221; border_width=&#8221;2&#8243; el_width=&#8221;20&#8243; accent_color=&#8221;#162ca4&#8243; css=&#8221;.vc_custom_1543432278670{padding-top: 20px !important;padding-bottom: 20px !important;}&#8221;][\/vc_column][vc_column width=&#8221;1\/2&#8243;][vc_images_carousel images=&#8221;627,625,630,672,623&#8243; img_size=&#8221;175&#215;175&#8243; speed=&#8221;2000&#8243; slides_per_view=&#8221;2&#8243; autoplay=&#8221;yes&#8221; hide_pagination_control=&#8221;yes&#8221; wrap=&#8221;yes&#8221;][\/vc_column][\/vc_row][vc_row equal_height=&#8221;yes&#8221; content_placement=&#8221;top&#8221; css=&#8221;.vc_custom_1543418794081{margin-bottom: 45px !important;}&#8221;][vc_column width=&#8221;1\/2&#8243;][vc_single_image image=&#8221;97&#8243; img_size=&#8221;large&#8221;][\/vc_column][vc_column width=&#8221;1\/2&#8243;][vc_column_text css=&#8221;.vc_custom_1544180250718{margin-top: 30px !important;}&#8221;]<\/p>\n<p style=\"text-align: left;\">El nostre principal prove\u00efdor \u00e9s Ind\u00fastries d\u00b4Optica Prats S.L., \u00e9s el fabricant de lents oft\u00e0lmiques amb m\u00e9s \u00e0mplia oferta\u00a0tant lents free-form (individualitzades) com de solucions solars. Tecnologia punta, i a m\u00e9s, de proximitat. Aix\u00ed mateix, distribueix les lents Rodenstock, que acostuma a ser la nostra elecci\u00f3 en quant a vidres progressius i monofocals amb alt valor afegit.<\/p>\n<p>[\/vc_column_text][vc_separator color=&#8221;custom&#8221; align=&#8221;align_left&#8221; border_width=&#8221;2&#8243; el_width=&#8221;20&#8243; accent_color=&#8221;#162ca4&#8243; css=&#8221;.vc_custom_1543432278670{padding-top: 20px !important;padding-bottom: 20px !important;}&#8221;][\/vc_column][\/vc_row][vc_row full_width=&#8221;stretch_row&#8221; gap=&#8221;30&#8243; equal_height=&#8221;yes&#8221; content_placement=&#8221;middle&#8221; woss_parallax=&#8221;yes&#8221; woss_parallax_image=&#8221;137&#8243; css=&#8221;.vc_custom_1543850820343{padding-top: 45px !important;padding-bottom: 45px !important;background-position: center !important;background-repeat: no-repeat !important;background-size: cover !important;}&#8221;][vc_column width=&#8221;1\/4&#8243;][\/vc_column][vc_column width=&#8221;1\/2&#8243;]<div class=\"ws-counter\">\n\t\t\t\t\t<div class=\"ws-counter-icon\">\n\t\t\t\t\t\t<span class=\"\"><\/span>\n\t\t\t\t\t<\/div>\n    \t\t\t\t<h1 class=\"numscroller numscroller-big-bottom\" data-slno=\"1\" data-min=\"0\" data-max=\"99\" data-delay=\"11\" data-increment=\"9\">0<\/h1>\n    \t\t\t\t<p class=\"info-counter\">%<\/p>\n    \t\t\t<\/div>[vc_separator color=&#8221;custom&#8221; border_width=&#8221;2&#8243; el_width=&#8221;20&#8243; accent_color=&#8221;#162ca4&#8243; css=&#8221;.vc_custom_1543419933875{padding-top: 20px !important;padding-bottom: 20px !important;}&#8221;][vc_column_text css=&#8221;.vc_custom_1543851888680{margin-top: 30px !important;}&#8221;]<\/p>\n<p style=\"text-align: center;\">Som especialistes en lents progressius, el grau de satisfacci\u00f3 dels nostres clients usuaris de progressius \u00e9s del 99%, el m\u00e9s alt del sector.<\/p>\n<p style=\"text-align: center;\">La nostra garantia de satisfacci\u00f3 es de dos mesos.<\/p>\n<p>[\/vc_column_text][\/vc_column][vc_column width=&#8221;1\/4&#8243;][\/vc_column][\/vc_row][vc_row full_width=&#8221;stretch_row&#8221; el_class=&#8221;no-margin&#8221;][vc_column]<div class=\"templatera_shortcode\"><section data-vc-full-width=\"true\" data-vc-full-width-init=\"false\" class=\"vc_section footer-section vc_custom_1543430223178 vc_section-has-fill\"><div class=\"vc_row wpb_row vc_row-fluid\"><div class=\"wpb_column vc_column_container vc_col-sm-3\"><div class=\"vc_column-inner\"><div class=\"wpb_wrapper\"><div  class=\"vc_wp_custommenu wpb_content_element\"><div class=\"widget widget_nav_menu\"><h2 class=\"widgettitle\">Productes<\/h2><div class=\"menu-productes-cat-container\"><ul id=\"menu-productes-cat\" class=\"menu\"><li id=\"menu-item-208\" class=\"menu-item menu-item-type-post_type menu-item-object-page menu-item-208\"><a href=\"https:\/\/opticaubach.com\/ca\/productes\/lents-oftalmiques\/\">Lents oft\u00e0lmiques<\/a><\/li>\n<li id=\"menu-item-207\" class=\"menu-item menu-item-type-post_type menu-item-object-page menu-item-207\"><a href=\"https:\/\/opticaubach.com\/ca\/productes\/montures\/\">Muntures de ulleres<\/a><\/li>\n<li id=\"menu-item-206\" class=\"menu-item menu-item-type-post_type menu-item-object-page menu-item-206\"><a href=\"https:\/\/opticaubach.com\/ca\/productes\/ulleres-de-sol\/\">Ulleres de Sol<\/a><\/li>\n<li id=\"menu-item-205\" class=\"menu-item menu-item-type-post_type menu-item-object-page menu-item-205\"><a href=\"https:\/\/opticaubach.com\/ca\/productes\/lents-de-contacte\/\">Lents de contacte<\/a><\/li>\n<li id=\"menu-item-204\" class=\"menu-item menu-item-type-post_type menu-item-object-page menu-item-204\"><a href=\"https:\/\/opticaubach.com\/ca\/productes\/audiofons\/\">Audi\u00f2fons<\/a><\/li>\n<\/ul><\/div><\/div><\/div><\/div><\/div><\/div><div class=\"wpb_column vc_column_container vc_col-sm-9\"><div class=\"vc_column-inner\"><div class=\"wpb_wrapper\"><div class=\"vc_row wpb_row vc_inner vc_row-fluid vc_custom_1543431163655\"><div class=\"wpb_column vc_column_container vc_col-sm-6\"><div class=\"vc_column-inner\"><div class=\"wpb_wrapper\">\n\t<div class=\"wpb_raw_code wpb_content_element wpb_raw_html\" >\n\t\t<div class=\"wpb_wrapper\">\n\t\t\t<!-- Left Icon -->\n<div class=\"elements-features-left-icon\">\n    <div class=\"features-item\">\n        <div class=\"col-sm-2 col-no-p\">\n            <div class=\"features-icon\">\n                <span class=\"fa fa-clock-o\"><\/span>\n            <\/div>\n        <\/div>\n        <div class=\"col-sm-10 col-no-p\">\n            <h3 class=\"features-title\">Horario<\/h3>\n            <div class=\"features-descr\">Dilluns a Divendres: 09.45h a 13.30h i 17.00h a 20.15h.<br\/>Dissabte: 10.00h a 13.30h, tardes tancat excepte visites programades.<\/div>\n        <\/div>\n    <\/div>\n<\/div>\n\t\t<\/div>\n\t<\/div>\n<\/div><\/div><\/div><div class=\"wpb_column vc_column_container vc_col-sm-6\"><div class=\"vc_column-inner\"><div class=\"wpb_wrapper\"> <!-- Left Icon -->\n\t\t\t\t\t<div class=\"elements-features-left-icon\">\n\t\t\t\t\t\t<div class=\"features-item\">\n\t\t\t\t\t\t\t<div class=\"col-sm-2 col-no-p\">\n\t\t\t\t\t\t\t\t<div class=\"features-icon\">\n\t\t\t\t\t\t\t\t\t<span class=\"fa fa-phone\"><\/span>\n\t\t\t\t\t\t\t\t<\/div>\n\t\t\t\t\t\t\t<\/div>\n\t\t\t\t\t\t\t<div class=\"col-sm-10 col-no-p\">\n\t\t\t\t\t\t\t\t<h3 class=\"features-title\">Tel\u00e8fon<\/h3>\n\t\t\t\t\t\t\t\t<div class=\"features-descr\">937 952 762<\/div>\n\t\t\t\t\t\t\t<\/div>\n\t\t\t\t\t\t<\/div>\n\t\t\t\t\t<\/div><div class=\"vc_empty_space\"   style=\"height: 85px\"><span class=\"vc_empty_space_inner\"><\/span><\/div> <!-- Left Icon -->\n\t\t\t\t\t<div class=\"elements-features-left-icon\">\n\t\t\t\t\t\t<div class=\"features-item\">\n\t\t\t\t\t\t\t<div class=\"col-sm-2 col-no-p\">\n\t\t\t\t\t\t\t\t<div class=\"features-icon\">\n\t\t\t\t\t\t\t\t\t<span class=\"fa fa-whatsapp\"><\/span>\n\t\t\t\t\t\t\t\t<\/div>\n\t\t\t\t\t\t\t<\/div>\n\t\t\t\t\t\t\t<div class=\"col-sm-10 col-no-p\">\n\t\t\t\t\t\t\t\t<h3 class=\"features-title\">Whatsapp<\/h3>\n\t\t\t\t\t\t\t\t<div class=\"features-descr\">662 305 759<\/div>\n\t\t\t\t\t\t\t<\/div>\n\t\t\t\t\t\t<\/div>\n\t\t\t\t\t<\/div><\/div><\/div><\/div><\/div><div class=\"vc_row wpb_row vc_inner vc_row-fluid vc_custom_1543431168740\"><div class=\"wpb_column vc_column_container vc_col-sm-6\"><div class=\"vc_column-inner\"><div class=\"wpb_wrapper\"> <!-- Left Icon -->\n\t\t\t\t\t<div class=\"elements-features-left-icon\">\n\t\t\t\t\t\t<div class=\"features-item\">\n\t\t\t\t\t\t\t<div class=\"col-sm-2 col-no-p\">\n\t\t\t\t\t\t\t\t<div class=\"features-icon\">\n\t\t\t\t\t\t\t\t\t<span class=\"fa fa-map-marker\"><\/span>\n\t\t\t\t\t\t\t\t<\/div>\n\t\t\t\t\t\t\t<\/div>\n\t\t\t\t\t\t\t<div class=\"col-sm-10 col-no-p\">\n\t\t\t\t\t\t\t\t<h3 class=\"features-title\">Adre\u00e7a<\/h3>\n\t\t\t\t\t\t\t\t<div class=\"features-descr\">Carrer Munt, 12<br \/>\r\n08392 Sant Andreu de Llavaneres<\/div>\n\t\t\t\t\t\t\t<\/div>\n\t\t\t\t\t\t<\/div>\n\t\t\t\t\t<\/div><\/div><\/div><\/div><div class=\"wpb_column vc_column_container vc_col-sm-6\"><div class=\"vc_column-inner\"><div class=\"wpb_wrapper\"> <!-- Left Icon -->\n\t\t\t\t\t<div class=\"elements-features-left-icon\">\n\t\t\t\t\t\t<div class=\"features-item\">\n\t\t\t\t\t\t\t<div class=\"col-sm-2 col-no-p\">\n\t\t\t\t\t\t\t\t<div class=\"features-icon\">\n\t\t\t\t\t\t\t\t\t<span class=\"fa fa-envelope\"><\/span>\n\t\t\t\t\t\t\t\t<\/div>\n\t\t\t\t\t\t\t<\/div>\n\t\t\t\t\t\t\t<div class=\"col-sm-10 col-no-p\">\n\t\t\t\t\t\t\t\t<h3 class=\"features-title\">Correu<\/h3>\n\t\t\t\t\t\t\t\t<div class=\"features-descr\">web@opticaubach.com<\/div>\n\t\t\t\t\t\t\t<\/div>\n\t\t\t\t\t\t<\/div>\n\t\t\t\t\t<\/div><\/div><\/div><\/div><\/div><\/div><\/div><\/div><\/div><\/section><div class=\"vc_row-full-width vc_clearfix\"><\/div>\r\n<\/div>[\/vc_column][\/vc_row]<\/p>\n<\/section>","protected":false},"excerpt":{"rendered":"ProductesLents oft\u00e0lmiques Muntures de ulleres Ulleres de Sol Lents de contacte Audi\u00f2fons Horario Dilluns a Divendres: 09.45h a 13.30h i 17.00h a 20.15h.Dissabte: 10.00h a 13.30h, tardes tancat excepte visites programades. Tel\u00e8fon 937 952 762 Whatsapp 662 305 759 Adre\u00e7a Carrer Munt, 12 08392 Sant Andreu de Llavaneres Correu web@opticaubach.com","protected":false},"author":1,"featured_media":0,"parent":11,"menu_order":0,"comment_status":"closed","ping_status":"closed","template":"template-page.php","meta":{"_seopress_robots_primary_cat":""},"_links":{"self":[{"href":"https:\/\/opticaubach.com\/ca\/wp-json\/wp\/v2\/pages\/140"}],"collection":[{"href":"https:\/\/opticaubach.com\/ca\/wp-json\/wp\/v2\/pages"}],"about":[{"href":"https:\/\/opticaubach.com\/ca\/wp-json\/wp\/v2\/types\/page"}],"author":[{"embeddable":true,"href":"https:\/\/opticaubach.com\/ca\/wp-json\/wp\/v2\/users\/1"}],"replies":[{"embeddable":true,"href":"https:\/\/opticaubach.com\/ca\/wp-json\/wp\/v2\/comments?post=140"}],"version-history":[{"count":9,"href":"https:\/\/opticaubach.com\/ca\/wp-json\/wp\/v2\/pages\/140\/revisions"}],"predecessor-version":[{"id":683,"href":"https:\/\/opticaubach.com\/ca\/wp-json\/wp\/v2\/pages\/140\/revisions\/683"}],"up":[{"embeddable":true,"href":"https:\/\/opticaubach.com\/ca\/wp-json\/wp\/v2\/pages\/11"}],"wp:attachment":[{"href":"https:\/\/opticaubach.com\/ca\/wp-json\/wp\/v2\/media?parent=140"}],"curies":[{"name":"wp","href":"https:\/\/api.w.org\/{rel}","templated":true}]}}

Lents oftàlmiques

<section class="wpb-content-wrapper"><p>[vc_row equal_height=&#8221;yes&#8221; content_placement=&#8221;top&#8221; css=&#8221;.vc_custom_1544180390008{margin-bottom: 85px !important;}&#8221;][vc_column width=&#8221;1/6&#8243;][/vc_column][vc_column width=&#8221;2/3&#8243;][vc_column_text css=&#8221;.vc_custom_1543431903064{margin-top: 30px !important;}&#8221;]</p>
<h3 style="text-align: center;">La bona elecció de la lent és bàsica per proporcionar la millor imatge a més del màxim confort visual.</h3>
<p>[/vc_column_text][vc_separator color=&#8221;custom&#8221; border_width=&#8221;2&#8243; el_width=&#8221;10&#8243; accent_color=&#8221;#162ca4&#8243; css=&#8221;.vc_custom_1543431908013{padding-top: 30px !important;padding-bottom: 20px !important;}&#8221;][/vc_column][vc_column width=&#8221;1/6&#8243;][/vc_column][/vc_row][vc_row equal_height=&#8221;yes&#8221; content_placement=&#8221;top&#8221; css=&#8221;.vc_custom_1544180366311{margin-bottom: 45px !important;}&#8221;][vc_column width=&#8221;1/2&#8243;][vc_column_text css=&#8221;.vc_custom_1548841663988{margin-top: 30px !important;}&#8221;]Treballem amb els fabricants de lents oftàlmiques més prestigiosos del mercat, oferint l´última tecnologia i és per això que estem en continua formació.[/vc_column_text][vc_separator color=&#8221;custom&#8221; align=&#8221;align_left&#8221; border_width=&#8221;2&#8243; el_width=&#8221;20&#8243; accent_color=&#8221;#162ca4&#8243; css=&#8221;.vc_custom_1543432278670{padding-top: 20px !important;padding-bottom: 20px !important;}&#8221;][/vc_column][vc_column width=&#8221;1/2&#8243;][vc_images_carousel images=&#8221;627,625,630,672,623&#8243; img_size=&#8221;175&#215;175&#8243; speed=&#8221;2000&#8243; slides_per_view=&#8221;2&#8243; autoplay=&#8221;yes&#8221; hide_pagination_control=&#8221;yes&#8221; wrap=&#8221;yes&#8221;][/vc_column][/vc_row][vc_row equal_height=&#8221;yes&#8221; content_placement=&#8221;top&#8221; css=&#8221;.vc_custom_1543418794081{margin-bottom: 45px !important;}&#8221;][vc_column width=&#8221;1/2&#8243;][vc_single_image image=&#8221;97&#8243; img_size=&#8221;large&#8221;][/vc_column][vc_column width=&#8221;1/2&#8243;][vc_column_text css=&#8221;.vc_custom_1544180250718{margin-top: 30px !important;}&#8221;]</p>
<p style="text-align: left;">El nostre principal proveïdor és Indústries d´Optica Prats S.L., és el fabricant de lents oftàlmiques amb més àmplia oferta tant lents free-form (individualitzades) com de solucions solars. Tecnologia punta, i a més, de proximitat. Així mateix, distribueix les lents Rodenstock, que acostuma a ser la nostra elecció en quant a vidres progressius i monofocals amb alt valor afegit.</p>
<p>[/vc_column_text][vc_separator color=&#8221;custom&#8221; align=&#8221;align_left&#8221; border_width=&#8221;2&#8243; el_width=&#8221;20&#8243; accent_color=&#8221;#162ca4&#8243; css=&#8221;.vc_custom_1543432278670{padding-top: 20px !important;padding-bottom: 20px !important;}&#8221;][/vc_column][/vc_row][vc_row full_width=&#8221;stretch_row&#8221; gap=&#8221;30&#8243; equal_height=&#8221;yes&#8221; content_placement=&#8221;middle&#8221; woss_parallax=&#8221;yes&#8221; woss_parallax_image=&#8221;137&#8243; css=&#8221;.vc_custom_1543850820343{padding-top: 45px !important;padding-bottom: 45px !important;background-position: center !important;background-repeat: no-repeat !important;background-size: cover !important;}&#8221;][vc_column width=&#8221;1/4&#8243;][/vc_column][vc_column width=&#8221;1/2&#8243;]<div class="ws-counter">
					<div class="ws-counter-icon">
						<span class=""></span>
					</div>
    				<h1 class="numscroller numscroller-big-bottom" data-slno="1" data-min="0" data-max="99" data-delay="11" data-increment="9">0</h1>
    				<p class="info-counter">%</p>
    			</div>[vc_separator color=&#8221;custom&#8221; border_width=&#8221;2&#8243; el_width=&#8221;20&#8243; accent_color=&#8221;#162ca4&#8243; css=&#8221;.vc_custom_1543419933875{padding-top: 20px !important;padding-bottom: 20px !important;}&#8221;][vc_column_text css=&#8221;.vc_custom_1543851888680{margin-top: 30px !important;}&#8221;]</p>
<p style="text-align: center;">Som especialistes en lents progressius, el grau de satisfacció dels nostres clients usuaris de progressius és del 99%, el més alt del sector.</p>
<p style="text-align: center;">La nostra garantia de satisfacció es de dos mesos.</p>
<p>[/vc_column_text][/vc_column][vc_column width=&#8221;1/4&#8243;][/vc_column][/vc_row][vc_row full_width=&#8221;stretch_row&#8221; el_class=&#8221;no-margin&#8221;][vc_column]<div class="templatera_shortcode"><section data-vc-full-width="true" data-vc-full-width-init="false" class="vc_section footer-section vc_custom_1543430223178 vc_section-has-fill"><div class="vc_row wpb_row vc_row-fluid"><div class="wpb_column vc_column_container vc_col-sm-3"><div class="vc_column-inner"><div class="wpb_wrapper"><div  class="vc_wp_custommenu wpb_content_element"><div class="widget widget_nav_menu"><h2 class="widgettitle">Productes</h2><div class="menu-productes-cat-container"><ul id="menu-productes-cat" class="menu"><li id="menu-item-208" class="menu-item menu-item-type-post_type menu-item-object-page menu-item-208"><a href="https://opticaubach.com/ca/productes/lents-oftalmiques/">Lents oftàlmiques</a></li>
<li id="menu-item-207" class="menu-item menu-item-type-post_type menu-item-object-page menu-item-207"><a href="https://opticaubach.com/ca/productes/montures/">Muntures de ulleres</a></li>
<li id="menu-item-206" class="menu-item menu-item-type-post_type menu-item-object-page menu-item-206"><a href="https://opticaubach.com/ca/productes/ulleres-de-sol/">Ulleres de Sol</a></li>
<li id="menu-item-205" class="menu-item menu-item-type-post_type menu-item-object-page menu-item-205"><a href="https://opticaubach.com/ca/productes/lents-de-contacte/">Lents de contacte</a></li>
<li id="menu-item-204" class="menu-item menu-item-type-post_type menu-item-object-page menu-item-204"><a href="https://opticaubach.com/ca/productes/audiofons/">Audiòfons</a></li>
</ul></div></div></div></div></div></div><div class="wpb_column vc_column_container vc_col-sm-9"><div class="vc_column-inner"><div class="wpb_wrapper"><div class="vc_row wpb_row vc_inner vc_row-fluid vc_custom_1543431163655"><div class="wpb_column vc_column_container vc_col-sm-6"><div class="vc_column-inner"><div class="wpb_wrapper">
	<div class="wpb_raw_code wpb_content_element wpb_raw_html" >
		<div class="wpb_wrapper">
			<!-- Left Icon -->
<div class="elements-features-left-icon">
    <div class="features-item">
        <div class="col-sm-2 col-no-p">
            <div class="features-icon">
                <span class="fa fa-clock-o"></span>
            </div>
        </div>
        <div class="col-sm-10 col-no-p">
            <h3 class="features-title">Horario</h3>
            <div class="features-descr">Dilluns a Divendres: 09.45h a 13.30h i 17.00h a 20.15h.<br/>Dissabte: 10.00h a 13.30h, tardes tancat excepte visites programades.</div>
        </div>
    </div>
</div>
		</div>
	</div>
</div></div></div><div class="wpb_column vc_column_container vc_col-sm-6"><div class="vc_column-inner"><div class="wpb_wrapper"> <!-- Left Icon -->
					<div class="elements-features-left-icon">
						<div class="features-item">
							<div class="col-sm-2 col-no-p">
								<div class="features-icon">
									<span class="fa fa-phone"></span>
								</div>
							</div>
							<div class="col-sm-10 col-no-p">
								<h3 class="features-title">Telèfon</h3>
								<div class="features-descr">937 952 762</div>
							</div>
						</div>
					</div><div class="vc_empty_space"   style="height: 85px"><span class="vc_empty_space_inner"></span></div> <!-- Left Icon -->
					<div class="elements-features-left-icon">
						<div class="features-item">
							<div class="col-sm-2 col-no-p">
								<div class="features-icon">
									<span class="fa fa-whatsapp"></span>
								</div>
							</div>
							<div class="col-sm-10 col-no-p">
								<h3 class="features-title">Whatsapp</h3>
								<div class="features-descr">662 305 759</div>
							</div>
						</div>
					</div></div></div></div></div><div class="vc_row wpb_row vc_inner vc_row-fluid vc_custom_1543431168740"><div class="wpb_column vc_column_container vc_col-sm-6"><div class="vc_column-inner"><div class="wpb_wrapper"> <!-- Left Icon -->
					<div class="elements-features-left-icon">
						<div class="features-item">
							<div class="col-sm-2 col-no-p">
								<div class="features-icon">
									<span class="fa fa-map-marker"></span>
								</div>
							</div>
							<div class="col-sm-10 col-no-p">
								<h3 class="features-title">Adreça</h3>
								<div class="features-descr">Carrer Munt, 12<br />
08392 Sant Andreu de Llavaneres</div>
							</div>
						</div>
					</div></div></div></div><div class="wpb_column vc_column_container vc_col-sm-6"><div class="vc_column-inner"><div class="wpb_wrapper"> <!-- Left Icon -->
					<div class="elements-features-left-icon">
						<div class="features-item">
							<div class="col-sm-2 col-no-p">
								<div class="features-icon">
									<span class="fa fa-envelope"></span>
								</div>
							</div>
							<div class="col-sm-10 col-no-p">
								<h3 class="features-title">Correu</h3>
								<div class="features-descr">web@opticaubach.com</div>
							</div>
						</div>
					</div></div></div></div></div></div></div></div></div></section><div class="vc_row-full-width vc_clearfix"></div>
</div>[/vc_column][/vc_row]</p>
</section>

ProductesLents oftàlmiques Muntures de ulleres Ulleres de Sol Lents de contacte Audiòfons Horario Dilluns a Divendres: 09.45h a 13.30h i 17.00h a 20.15h.Dissabte: 10.00h a 13.30h, tardes tancat excepte visites programades. Telèfon 937 952 762 Whatsapp 662 305 759 Adreça Carrer Munt, 12 08392 Sant Andreu de Llavaneres Correu web@opticaubach.com
